 of t?
8
Let q(r) = 8*r + 32. Let g be q(-13). Let n = g + 167. Suppose 13*f = 18*f - n. What is the units digit of f?
9
Let j(h) = -22*h + 15 - h + 13 + h**2 + 2*h. Let i be j(18). Let z = 95 + i. What is the tens digit of z?
6
Suppose -69*d + 370 = -71*d. Let q = 378 + d. What is the tens digit of q?
9
Let h(y) = -102*y**3 + 24*y**2 + 5. What is the tens digit of h(-5)?
5
Let w(l) = l**2 - 10*l - 9. Let g be w(5). Let f = 39 + g. Suppose -f*b - 26 = -j, -4*b + 0*b - 23 = -j. What is the units digit of j?
1
Let s(b) = 23*b - 68. Let y(p) = -11*p + 33. Let g(o) = -6*s(o) - 13*y(o). Suppose -22 = 4*u - 6*u. What is the units digit of g(u)?
4
Suppose -1750722 + 63366 = -99*y. What is the hundreds digit of y?
0
Let s(d) = d**3 - 6*d**2 + 7*d - 2. Let h(o) = -o**3 + 4*o**2 - 2*o + 2. Let l be h(3). Let v be s(l). What is the units digit of 2 + 0 - 8/v?
1
Let c(f) = 22*f**2 + 44*f - 75. What is the hundreds digit of c(-17)?
5
Let l(p) = 385*p**2 - 9*p - 90. What is the hundreds digit of l(-10)?
5
Let k(x) = -3*x - 8. Let b be k(6). Let p be -22 - b - (-3 - -1). Let c = p - -29. What is the units digit of c?
5
Let o = -6892 + 15609. What is the tens digit of o?
1
Let t be 26859/4 + (-24)/32. Suppose -10*g + t = -g. What is the units digit of g?
6
Let l(u) be the first derivative of -75*u**2/2 - 8*u - 4. Let v be l(-2). Suppose 9*f = 11*f - v. What is the units digit of f?
1
Suppose -3*d + n = -2862, 0*d - 5*n - 2862 = -3*d. Let a = d + -522. What is the units digit of a?
2
Let u = 118 - -20. Let t = -79 + -3. Let z = u + t. What is the units digit of z?
6
Suppose 0 = -3*a + 5*v + 67167, 2*v + 10 + 2 = 0. What is the thousands digit of a?
2
Let x(p) be the third derivative of p**6/120 - p**5/5 + p**4/2 + 9*p**3/2 - 29*p**2 - 2. What is the hundreds digit of x(12)?
1
Let w = -12900 - -40627. Suppose -22*m + w = -7429. What is the units digit of m?
8
Let s = 23 - 2. Let n = -18 + s. Suppose -n = -8*i + 125. What is the tens digit of i?
1
Suppose 105 = -2*u + 6*u + 5*n, -n + 85 = 4*u. Suppose 36*t - u*t - 21808 = 0. What is the tens digit of t?
6
Suppose 43*y - 29*y = 714. Suppose y*d + 3560 = 47063. What is the units digit of d?
3
Suppose -m + 2650 = 2*p, -p - 10582 = m - 5*m. Let r be m/(-30) + (-1)/(-5). Let i = 167 + r. What is the units digit of i?
9
What is the units digit of (5 - 38980/3)*60/(-25)?
2
Suppose -6*d + 6 = -3*d. What is the tens digit of 732/d - (3 + -4)?
6
What is the units digit of 285780/33 + (-42)/3?
6
Let q(v) = 598*v + 825. What is the hundreds digit of q(24)?
1
Let r(w) = 4*w + 20. Let x be r(5). Let d = -28 + x. What is the units digit of -12 + d - (-31)/1?
1
Let n = 12470 + -985. What is the thousands digit of n?
1
Suppose 59*o - 4 = 60*o. Let l(v) = -71*v - 13. What is the tens digit of l(o)?
7
Suppose -153 = 4*j - z - 1489, -5*j - 2*z = -1670. Let v = 53 + j. What is the units digit of v?
7
Let x = -1080 - -1583. What is the units digit of x?
3
Let s = -43 + 65. Let u = 99 - s. Let l = 130 - u. What is the units digit of l?
3
Let p = -190 - -207. Suppose 0 = 5*j + 15, -13*a + p*a - 4*j = 1064. What is the tens digit of a?
6
Let t be (65/(-10))/13 + (-59)/(-2). Let n = 33 - t. Suppose -2*b + 356 = 2*b - n*i, -3*i = 4*b - 384. What is the tens digit of b?
9
Suppose 546240 = 26*n - 6*n. What is the thousands digit of n?
7
Suppose -4*q - 4*i + 93744 = 0, 21*q - 492276 = -47*i + 46*i. What is the thousands digit of q?
3
Let z(u) = -u**3 - 33*u**2 + 7*u + 17. Let n be z(-41). Suppose -17*o - 1414 = -n. What is the units digit of o?
2
Suppose 0 = -216*m + 573618 + 4770969 + 1759005. What is the ten thousands digit of m?
3
Suppose 164*l = 165*l - 7. Suppose -l*h + 2*g = -6*h - 1063, 0 = 2*h - 2*g - 2134. What is the tens digit of h?
7
Let f = 353 + 1325. Suppose -f - 20071 = -13*k. What is the tens digit of k?
7
Suppose 0 = 5*b - 0*k + 3*k - 48716, 5*b - 48700 = 5*k. What is the units digit of b?
2
Suppose -2*p + 11420 = -2*o, -6*o + 7*o = 5*p - 28530. What is the thousands digit of p?
5
Suppose o + 2515 = 6*o. Let p = -342 + o. What is the units digit of p?
1
Let j be (-4)/16 + (-9)/(-4) + -2. Suppose j = -39*v + 45*v - 84. What is the units digit of v?
4
What is the units digit of -7 + 5990 - (34 + -32)?
1
Suppose -3*c = 12, 8*g - 10*g + c = -6602. What is the units digit of g?
9
Let s be (1 - 6)/((-4 - -1) + 2). Suppose 0 = -3*h + h + 5*a + 74, 3*a = -s*h + 185. What is the tens digit of h + 5 + (1 - 2)?
4
Let h(z) = 4*z**2 + 31*z - 43. Let a be h(-17). Suppose -5*d = 25, 0*d = -3*g + 2*d + a. What is the hundreds digit of g?
1
Suppose -4*f + g + 3*g = 8, 0 = f - 5*g - 14. Suppose 30 - 11 = 2*l + 3*k, -3*k = 4*l - 23. What is the tens digit of (-6398)/(-42) + l/f?
5
Let c(z) = 8*z**3 - 26*z**2 + 384*z + 11. What is the thousands digit of c(10)?
9
Let g(j) be the first derivative of 42*j**2 - 299*j + 213. What is the thousands digit of g(27)?
1
Suppose 0 = 6*v - v. Let r be (v/(3/(-1)))/1. Suppose u = -2*f + 169, r*f - f + 5*u = -112. What is the tens digit of f?
8
Let c(o) = -6331*o - 182. What is the units digit of c(-1)?
9
What is the ten thousands digit of 22077 - 3 - ((-12)/(-6) - -9)?
2
Let t(b) = -11*b**2 - 15 - 9*b - 17*b**2 + 27*b**2. Let j be t(-6). Suppose 3*f - 5*f = -j*h + 230, h = -2*f + 66. What is the tens digit of h?
7
Let q = 11997 - 11994. What is the units digit of q?
3
Let m(f) = 2*f**2 + 3*f + 3. Let t be m(-2). Suppose -3*v - 1 = 2, -t*v - 281 = 3*h. What is the tens digit of (4 - h/12)/((-1)/(-6))?
7
Let g(o) = 89*o**2 - 86*o - 2217. What is the units digit of g(-29)?
6
Let g be ((1 - -3)*4)/((-1)/4). Let s = 66 + g. Suppose 4*k - 2*a = 310 + 292, 5*k + s*a - 757 = 0. What is the units digit of k?
1
Let z = 23 + 3. Suppose 12894 = -5*i + z*i. What is the hundreds digit of i?
6
Let s be (83 - 5 - 2) + -3. Let p = 205 - s. What is the units digit of p?
2
Suppose -896 = -2*t - 2*t. Let i = 106 - 154. Let p = t + i. What is the hundreds digit of p?
1
Let i(b) be the third derivative of 0*b - 35*b**2 + 0 + 1/120*b**6 - 5/8*b**4 + 13/6*b**3 + 1/6*b**5. What is the tens digit of i(-11)?
5
Let t(y) be the first derivative of -68*y**2 - 104*y + 217. What is the tens digit of t(-6)?
1
Suppose r + 6*y = 2*y + 34, -4*r - y = -151. Let h = 4 + -1. Suppose -h*t = 4*n - r - 446, 0 = 3*n - t - 350. What is the hundreds digit of n?
1
Suppose -o = -4*o + 15. Let j(h) = 132*h - 33. Let m be j(5). Suppose 0 = -o*f - 47 + m. What is the hundreds digit of f?
1
Let j be (-3)/9*(6 - (1 - -20)). What is the units digit of (5 - j) + 820 - (-1 + 4)?
7
Let x(v) = -v**3 + 56*v**2 - 111*v - 34. What is the units digit of x(22)?
0
Let d(i) = 61*i - 10. Let h be d(4). Let b = 64 - 16. Suppose 5*a + 56 = c, 4*c - a - h = -b. What is the tens digit of c?
4
Suppose -2*d - 1985 = -717. Let b = d - -182. What is the tens digit of b/(-4) + -1*(2 + -2)?
1
Suppose 5757 = 4*q - 4771. Suppose 0 = -6*m + 6868 - q. What is the tens digit of m?
0
What is the units digit of 4602231/207*(-2)/(-6)?
1
Suppose -19*j = -20*j - 4, 2*j - 40228 = 3*s. What is the tens digit of s/(-16) - (-12)/16?
3
Let d = 1701 - -3827. What is the units digit of d?
8
Let d be (-1)/(-3) + 265/15. What is the tens digit of 3460/d - 4/18?
9
Let k(t) = -311*t - 58. Let j be k(-6). Let d = 3309 - j. What is the units digit of d?
1
Let d(n) = 12*n**3 - 103*n**2 + 23*n + 4. What is the thousands digit of d(11)?
3
Suppose 5*b + 509 = -2*y, 4*y - 3*b = y - 753. Let k = -134 - y. What is the units digit of k?
8
Suppose 303*c - 32*c = 9365444 + 6962848. What is the thousands digit of c?
0
Let g = -302 - -657. Let o = g + 194. What is the units digit of o?
9
Suppose 4*w + p + 2 = 31, -19 = -3*w + 2*p. Suppose w*o - 20772 = -11*o. What is the tens digit of o?
5
Let y = 388 + -228. Let w = -4358 + 4360. Suppose 6*t - y = w*t. What is the tens digit of t?
4
Let t(r) = 9868*r - 224. What is the units digit of t(2)?
2
Suppose -s + 3*q = q + 83, -q = -1. Let o be ((-1125)/20)/(6 - (-408)/(-64)). Let u = s + o. What is the units digit of u?
9
Let g(q) = 38*q**2 - 10*q - 169. What is the hundreds digit of g(-11)?
5
Suppose 33*f - 46110 = 34863 + 75612. What is the units digit of f?
5
Let b(w) = w**3 + 8*w**2 - 9*w + 2. Let y be b(-9). Suppose -929 = -4*i - 0*i + n, -y*n = 4*i - 926. What 